 first derivative of -z**3/3 - z**2/2 + 83*z + 398. Calculate v(0).
83
Let d(l) = -l**2 + 5*l - 5. Let x = 322 - 321. Let f(w) = 29*w - 21. Let s be f(x). Calculate d(s).
-29
Let h(m) = m**3 + 10*m**2 + 16*m + 6. Suppose 0 = -207*n + 101*n + 130*n + 192. Determine h(n).
6
Let s(d) = d**3 - 4*d**2 - 8*d + 5. Let y(r) = r**3 - 2*r**2 - 4. Suppose 7 + 1 = 4*u. Suppose -3*j - g = -13, 2*g - 2 = u*j - 0. Let h be y(j). Determine s(h).
-10
Let m = 104 - 104. Let i(g) = -25*g**2 - 2 + g**3 + g + 20*g**2 + m + 6. Give i(4).
-8
Let x(d) = -9*d + 3. Let u = 1154 + -1163. Determine x(u).
84
Let l(d) = -d**2 + 12*d - 13. Let b = 140 + -135. Suppose -2*g - 48 = -b*i, 0 = i + 4*g - 7*g - 7. Calculate l(i).
7
Let b(s) = -8*s + 16. Let p(m) = -m + 2. Suppose -14*d + 12*d + 2 = 0. Let n(l) = d*b(l) - 6*p(l). Determine n(8).
-12
Let h(s) = -10*s - 198. Let y(c) = -29*c - 568. Let a(t) = -8*h(t) + 3*y(t). Give a(-17).
-1
Suppose 0 = -3*a - 4*z + 25, 2*z = -14*a + 18*a - 4. Let o(g) = -2*g**3 + 6*g**2 - 6*g + 2. Determine o(a).
-16
Let c = 69 - 43. Let h = -24 + c. Let s(i) = 3*i - 4*i**h + 3*i**2 - 1035 + 1033. Give s(4).
-6
Suppose 0 = n + 4. Let z = 861 - 859. Let r(l) = -5*l - 5*l - 7*l + l**z + l + 2 + 22*l. What is r(n)?
-6
Let u(m) = 2*m - 9. Suppose 0 = -2*t - 4*o + 14, -4*o - 30 = 5*t - 7*o. Let n be 1 + -3 - t/((-9)/(-12)). Let k be 14*n/8*-2. Determine u(k).
-23
Suppose -a + 17 = -4*d, a = -0*a + 5. Let o be (-20 - 2)/(-7 - -5). Let q(c) = -43 + o + c + 29. Give q(d).
-6
Let g(z) = z - 1. Suppose 22*p - 8*p - 28 = 0. Let h(v) = -5*v + 5. Let f(m) = p*h(m) + 11*g(m). What is f(-7)?
-8
Suppose 17 = -3*t + 2*k, -31 = 5*t - k - 3*k. Let n(c) be the first derivative of c**3/3 + 2*c**2 + 2*c - 4229. What is n(t)?
-1
Suppose h - 42 = -4*c, 2*h - 104 = -3*c - 75. Let w(u) = 501*u**3 + 4*u**2 + 5*u**2 - 502*u**3 + c*u + 2. What is w(10)?
12
Let l(u) be the second derivative of u**4/12 - u**2 + u. Suppose 58*c - 59 = 62 + 53. Give l(c).
7
Suppose -38*s + 9 - 47 = 0. Let h be s + -9 - (-42 - -35). Let p(i) = -i**3 - 4*i**2 - 2*i + 5. Determine p(h).
2
Let g(i) = i**3 - 21*i**2 - 25*i + 52. Suppose -60 = -3*v - 3*o, -v + 26 = -222*o + 220*o. Give g(v).
-14
Let x = 85 + 111. Let v = -191 + x. Let w(r) = -r**3 + 3*r**2 + 8*r - 6. Determine w(v).
-16
Let o(r) = r**2 - 8*r. Let c be o(9). Let i(a) = -5*a + c + a - a**2 + 4*a. Suppose 6*u = 3*u. What is i(u)?
9
Let b(y) = 30*y - 91. Let u be b(9). Let p = u + -184. Let w(c) = 2*c + 7. What is w(p)?
-3
Let n be 3/(-6)*8 + (-2 - -32). Let a(g) = -9 + 3*g + n - 12 - 11. Let w(v) = v**2 + 6*v + 6. Let x be w(-6). Give a(x).
12
Suppose h - 45*h - 14 + 102 = 0. Let w(m) = -2*m**2 + 2*m - 4. Calculate w(h).
-8
Let l = 649 - 633. Let x(d) = 7*d**2 + 8*d**2 + l*d**2 - 46*d**2 - 7*d + 14*d**2 - 10. Determine x(-5).
0
Let a(h) be the second derivative of -h**5/20 + 13*h**4/12 + 14*h**3/3 + 14*h**2 + 3274*h. What is a(15)?
-2
Let u(g) be the second derivative of 43*g**3 + 36*g**3 - 10*g - 78*g**3 + 0*g**2 + g**2. What is u(-2)?
-10
Suppose -4 = c + 2*z, -c + z = -4 - 7. Let x(b) = b**3 - b**2 + 2*b + 4 + c*b**2 - 4*b**2 - 3*b**2. What is x(3)?
19
Let x(i) = i**2 + 2*i - 3. Let f be x(-4). Suppose f*p - 3 + 22 = -q, -2*q = -4*p - 18. Let l(h) = -17*h**3 - 2*h**2 + 1. Calculate l(q).
-18
Let y(a) = -472*a + 7559. Let k be y(16). Let w(x) = -x**2 + 10*x - 13. Give w(k).
8
Let w be ((-6)/(-2) + -4)/(7/77). Let f(j) = j**2 - j + 1. Let g(b) = 12*b + 5. Let m(i) = f(i) + g(i). Determine m(w).
6
Let h(t) = 229*t + 42. Let s be h(7). Let w(r) = 1652*r + 4*r**2 + 6 - s*r - 3*r**2. Let g(j) = -j - 7. Let b be g(0). Determine w(b).
6
Let q(o) be the second derivative of -7*o**3/6 - 16*o**2 - 2222*o. Determine q(-4).
-4
Let r(i) = 37. Let j(w) = 6*w + 36. Let o(l) = j(l) + 5*r(l). Calculate o(-38).
-7
Let c(l) = 2 - 4*l**3 - 2 - 2*l + 2*l**2. Let a(y) = 7*y**3 - 5*y**2 + 4*y + 1. Let d(f) = 391*f - 779. Let r be d(2). Let m(i) = r*a(i) + 5*c(i). What is m(5)?
13
Let p(m) = -11*m + 210. Let h be p(-21). Let c = h + -437. Let z(d) = -2*d + 4. What is z(c)?
-4
Let x(d) be the third derivative of -d**7/1260 - d**6/240 + d**5/120 + 4*d**4/3 - 17*d**2 - 2. Let p(r) be the second derivative of x(r). Determine p(-3).
-8
Let f(p) be the first derivative of -p**5/120 + p**4/8 - p**3/3 + 19*p + 118. Let r(b) be the third derivative of f(b). Give r(-5).
8
Let b(y) = y**2 - 10*y + 14. Suppose 3*s = -14*s + 2346. Suppose 12*z - s = -11*z. Calculate b(z).
-10
Let x(o) = -o**2 + 46*o - 273. Let u = -3436 - -3475. Calculate x(u).
0
Let o(a) = a**3 + 27*a**2 - a - 26. Let l be (-10 - -24 - 33) + -8. What is o(l)?
1
Let k(l) = 33*l - 199. Let w = 14765 - 14759. Determine k(w).
-1
Suppose 27 = -5*t - 3. Let p(d) be the second derivative of d**5/20 + 5*d**4/12 - 7*d**3/6 - 3*d**2/2 + 3277*d. What is p(t)?
3
Let o be -39 - -36 - 0/1. Let k(q) be the third derivative of q**6/120 - q**4/8 - 2*q**3/3 - 20*q**2. Give k(o).
-22
Let n(u) be the first derivative of 3*u**2 + 58. Suppose -58*p + 57*p - 3 = 0. Determine n(p).
-18
Let k(l) be the third derivative of l**6/120 + 7*l**5/60 - 3*l**4/8 - 2*l**3 + 21*l**2 - 1. Let f(n) = n**2 + 5*n - 8. Let g be f(-5). Calculate k(g).
-4
Let x(d) = -d**2 + 9*d - 11. Let q(c) = 2*c**2 - 18*c + 21. Let r(p) = -4*q(p) - 7*x(p). Let n(j) be the first derivative of r(j). Determine n(10).
-11
Let h(x) = x**2 + 8*x. Let u be ((-24)/15)/4 + (-102)/(-30). Let k be (-5)/u - -1 - (-17)/3. Suppose -3*j = 9, 5*i - 12 = k*j - 37. Determine h(i).
0
Let f(w) = -467*w - 114. Let z(c) = 165*c + 38. Let h(p) = -6*f(p) - 17*z(p). Determine h(10).
8
Let i = 8338 - 8348. Let k(y) = -y**2 - 13*y + 13. What is k(i)?
43
Let x(l) = -42*l - 7. Let d(f) = 51*f + 9. Let n(t) = -2*d(t) - 3*x(t). Give n(2).
51
Let q be -3 + 3 - (-2)/((-6)/(-15)). Suppose 1 = 5*u - 4, 4*f + 89 = q*u. Let s be (2 - f/(-9))/((-3)/18). Let z(i) = -i**3 + i**2 - i. Determine z(s).
-6
Let w(r) = -4*r + 3. Let c = 2325 - 2327. Give w(c).
11
Let m(v) be the third derivative of v**5/30 - 9*v**4/8 - 19*v**3/6 + 126*v**2 + 3. Calculate m(14).
-5
Let a(k) = k**3 + 11 - 30*k**2 + 135*k**2 - 33*k**2 + 10*k - 32*k**2 - 29*k**2. Determine a(-9).
83
Let l(z) = -3*z + 2. Suppose -11*q - 186 = -13*q. Let p = q + -41. Suppose -2*x = p - 60. Calculate l(x).
-10
Let z(j) = -3 + 0 + 4 - j. Suppose 6*c = 185 - 35. Let w be 4/5*c/10*2. Determine z(w).
-3
Let v(k) = 2*k**2 - 13*k - 10. Let l(j) = -4*j - 343. Let r be l(-88). Give v(r).
35
Let o = 5898 - 5885. Let t(c) = 4*c - 22. Determine t(o).
30
Let d = 375 - 259. Let o be 3/(d/(-32) + 4). Let u(b) = -6 + o + b**2 + 1 - 2 - 8*b. Determine u(7).
-6
Let g(v) = 7 + v - 4*v - v**3 - v - 7*v**2. Suppose 2*o - 93 = x, -174 = -4*o - x + 3. Suppose -5*l - o = -15. What is g(l)?
-5
Let n(c) = -2*c - 1. Let q(h) = -h - 1. Suppose -10 = -4*k + 14. Let f(u) = k*n(u) - 11*q(u). Give f(-9).
14
Let b be 3 + (132/(-11) - -11). Let o(n) = -12*n + 22. Give o(b).
-2
Let d(o) = 34*o + 0*o - 17 - 36*o + 1. Suppose 0 = 4*i + 9 + 19. Let w be d(i). Let z(t) = -t**3 + 3*t**2 + 2*t - 1. What is z(w)?
15
Let s(k) be the second derivative of -k**5/20 + 11*k**4/12 - 5*k**3/3 - 17*k**2/2 + k + 3562. Give s(10).
-17
Let o(m) = 11*m + 22*m - 32*m. Suppose -9*q = -34*q + 100. Give o(q).
4
Let d = 11 + -13. Let n(t) = t**2 - 2*t + 11. Let w(g) = 5*g**2 - 9*g + 50. Let m(q) = 9*n(q) - 2*w(q). Calculate m(d).
-5
Let t(o) be the first derivative of -3*o**2/2 + 7*o + 1. Let k(x) = x**3 + 51 + 11*x + 50 - 7*x**2 - 100. Let z be k(5). Give t(z).
-11
Suppose 38*d = 36*d - 10. Let u(x) = 10*x + 40. Let o be u(d). Let v(j) = -j**3 - 9*j**2 + 12*j + 12. Determine v(o).
-8
Let p(k) = -k + 5801 - 5791 + k**3 - 3*k**2 - k. Let q be p(3). Let c(a) = -a**3 + 5*a**2 - 5*a - 2. Calculate c(q).
-6
Let x = 13 + -57. Let a = x + 48. Let t(q) = 5. Let k(m) = -m - 9. Let z(n) = -3*k(n) - 5*t(n). Calculate z(a).
14
Let c(z) = -z**3 - z**2 + 7. Suppose -238 + 82 = 4*k. Let j = k - -41. Suppose 5*m = -5 - 5, -j = 2*q + m. Determine c(q).
7
Let b(p) = -4*p**2 + 6*p + 2. Let c be b(5). Let k = -64 - c. Let u(a) = -3*a - 9. Let j(n) = 1. Let m(w) = k*j(w) + u(w). What is m(-4)?
7
Let y = -897 - -82. Let j = y + 822. Let t(u) = -2*u - 4. Determine t(j).
-18
Let s be 4/(-7) + (64/112 - 0). Let y = -2 + 4. S